{"id":427,"date":"2015-05-22T19:41:12","date_gmt":"2015-05-22T17:41:12","guid":{"rendered":"http:\/\/alka-web.com\/woffice\/event-directory\/"},"modified":"2019-12-12T02:44:31","modified_gmt":"2019-12-12T01:44:31","slug":"agenda","status":"publish","type":"page","link":"https:\/\/spps.sn\/intranet\/agenda\/","title":{"rendered":"Agenda"},"content":{"rendered":"<p>[vc_row][vc_column][vc_column_text]<strong>[woffice_calendar visibility=\u00a0\u00bbgeneral\u00a0\u00bb id=\u00a0\u00bb1&Prime;]<\/strong>.[\/vc_column_text][\/vc_column][\/vc_row]<\/p>\n","protected":false},"excerpt":{"rendered":"<p>[vc_row][vc_column][vc_column_text][woffice_calendar visibility=\u00a0\u00bbgeneral\u00a0\u00bb id=\u00a0\u00bb1&Prime;].[\/vc_column_text][\/vc_column][\/vc_row]<\/p>\n","protected":false},"author":1,"featured_media":0,"parent":0,"menu_order":0,"comment_status":"closed","ping_status":"closed","template":"","meta":{"footnotes":""},"class_list":["post-427","page","type-page","status-publish"],"yoast_head":"<!-- This site is optimized with the Yoast SEO plugin v20.5 - https:\/\/yoast.com\/wordpress\/plugins\/seo\/ -->\n<title>Agenda - Intranet\/Extranet SPPS<\/title>\n<meta name=\"robots\" content=\"index, follow, max-snippet:-1, max-image-preview:large, max-video-preview:-1\" \/>\n<link rel=\"canonical\" href=\"https:\/\/spps.sn\/intranet\/agenda\/\" \/>\n<meta property=\"og:locale\" content=\"fr_FR\" \/>\n<meta property=\"og:type\" content=\"article\" \/>\n<meta property=\"og:title\" content=\"Agenda - Intranet\/Extranet SPPS\" \/>\n<meta property=\"og:description\" content=\"[vc_row][vc_column][vc_column_text][woffice_calendar visibility=\u00a0\u00bbgeneral\u00a0\u00bb id=\u00a0\u00bb1&Prime;].[\/vc_column_text][\/vc_column][\/vc_row]\" \/>\n<meta property=\"og:url\" content=\"https:\/\/spps.sn\/intranet\/agenda\/\" \/>\n<meta property=\"og:site_name\" content=\"Intranet\/Extranet SPPS\" \/>\n<meta property=\"article:modified_time\" content=\"2019-12-12T01:44:31+00:00\" \/>\n<meta name=\"twitter:card\" content=\"summary_large_image\" \/>\n<script type=\"application\/ld+json\" class=\"yoast-schema-graph\">{\"@context\":\"https:\/\/schema.org\",\"@graph\":[{\"@type\":\"WebPage\",\"@id\":\"https:\/\/spps.sn\/intranet\/agenda\/\",\"url\":\"https:\/\/spps.sn\/intranet\/agenda\/\",\"name\":\"Agenda - Intranet\/Extranet SPPS\",\"isPartOf\":{\"@id\":\"https:\/\/spps.sn\/intranet\/#website\"},\"datePublished\":\"2015-05-22T17:41:12+00:00\",\"dateModified\":\"2019-12-12T01:44:31+00:00\",\"breadcrumb\":{\"@id\":\"https:\/\/spps.sn\/intranet\/agenda\/#breadcrumb\"},\"inLanguage\":\"fr-FR\",\"potentialAction\":[{\"@type\":\"ReadAction\",\"target\":[\"https:\/\/spps.sn\/intranet\/agenda\/\"]}]},{\"@type\":\"BreadcrumbList\",\"@id\":\"https:\/\/spps.sn\/intranet\/agenda\/#breadcrumb\",\"itemListElement\":[{\"@type\":\"ListItem\",\"position\":1,\"name\":\"Accueil\",\"item\":\"https:\/\/spps.sn\/intranet\/\"},{\"@type\":\"ListItem\",\"position\":2,\"name\":\"Agenda\"}]},{\"@type\":\"WebSite\",\"@id\":\"https:\/\/spps.sn\/intranet\/#website\",\"url\":\"https:\/\/spps.sn\/intranet\/\",\"name\":\"Intranet\/Extranet SPPS\",\"description\":\"Un espace d&#039;\u00e9changes et de collaboration pour le syndicat des pharmaciens priv\u00e9s du S\u00e9n\u00e9gal\",\"potentialAction\":[{\"@type\":\"SearchAction\",\"target\":{\"@type\":\"EntryPoint\",\"urlTemplate\":\"https:\/\/spps.sn\/intranet\/?s={search_term_string}\"},\"query-input\":\"required name=search_term_string\"}],\"inLanguage\":\"fr-FR\"}]}<\/script>\n<!-- \/ Yoast SEO plugin. -->","yoast_head_json":{"title":"Agenda - Intranet\/Extranet SPPS","robots":{"index":"index","follow":"follow","max-snippet":"max-snippet:-1","max-image-preview":"max-image-preview:large","max-video-preview":"max-video-preview:-1"},"canonical":"https:\/\/spps.sn\/intranet\/agenda\/","og_locale":"fr_FR","og_type":"article","og_title":"Agenda - Intranet\/Extranet SPPS","og_description":"[vc_row][vc_column][vc_column_text][woffice_calendar visibility=\u00a0\u00bbgeneral\u00a0\u00bb id=\u00a0\u00bb1&Prime;].[\/vc_column_text][\/vc_column][\/vc_row]","og_url":"https:\/\/spps.sn\/intranet\/agenda\/","og_site_name":"Intranet\/Extranet SPPS","article_modified_time":"2019-12-12T01:44:31+00:00","twitter_card":"summary_large_image","schema":{"@context":"https:\/\/schema.org","@graph":[{"@type":"WebPage","@id":"https:\/\/spps.sn\/intranet\/agenda\/","url":"https:\/\/spps.sn\/intranet\/agenda\/","name":"Agenda - Intranet\/Extranet SPPS","isPartOf":{"@id":"https:\/\/spps.sn\/intranet\/#website"},"datePublished":"2015-05-22T17:41:12+00:00","dateModified":"2019-12-12T01:44:31+00:00","breadcrumb":{"@id":"https:\/\/spps.sn\/intranet\/agenda\/#breadcrumb"},"inLanguage":"fr-FR","potentialAction":[{"@type":"ReadAction","target":["https:\/\/spps.sn\/intranet\/agenda\/"]}]},{"@type":"BreadcrumbList","@id":"https:\/\/spps.sn\/intranet\/agenda\/#breadcrumb","itemListElement":[{"@type":"ListItem","position":1,"name":"Accueil","item":"https:\/\/spps.sn\/intranet\/"},{"@type":"ListItem","position":2,"name":"Agenda"}]},{"@type":"WebSite","@id":"https:\/\/spps.sn\/intranet\/#website","url":"https:\/\/spps.sn\/intranet\/","name":"Intranet\/Extranet SPPS","description":"Un espace d&#039;\u00e9changes et de collaboration pour le syndicat des pharmaciens priv\u00e9s du S\u00e9n\u00e9gal","potentialAction":[{"@type":"SearchAction","target":{"@type":"EntryPoint","urlTemplate":"https:\/\/spps.sn\/intranet\/?s={search_term_string}"},"query-input":"required name=search_term_string"}],"inLanguage":"fr-FR"}]}},"_links":{"self":[{"href":"https:\/\/spps.sn\/intranet\/wp-json\/wp\/v2\/pages\/427","targetHints":{"allow":["GET"]}}],"collection":[{"href":"https:\/\/spps.sn\/intranet\/wp-json\/wp\/v2\/pages"}],"about":[{"href":"https:\/\/spps.sn\/intranet\/wp-json\/wp\/v2\/types\/page"}],"author":[{"embeddable":true,"href":"https:\/\/spps.sn\/intranet\/wp-json\/wp\/v2\/users\/1"}],"replies":[{"embeddable":true,"href":"https:\/\/spps.sn\/intranet\/wp-json\/wp\/v2\/comments?post=427"}],"version-history":[{"count":11,"href":"https:\/\/spps.sn\/intranet\/wp-json\/wp\/v2\/pages\/427\/revisions"}],"predecessor-version":[{"id":1130,"href":"https:\/\/spps.sn\/intranet\/wp-json\/wp\/v2\/pages\/427\/revisions\/1130"}],"wp:attachment":[{"href":"https:\/\/spps.sn\/intranet\/wp-json\/wp\/v2\/media?parent=427"}],"curies":[{"name":"wp","href":"https:\/\/api.w.org\/{rel}","templated":true}]}}

<!-- This site is optimized with the Yoast SEO plugin v20.5 - https://yoast.com/wordpress/plugins/seo/ -->
<title>Agenda - Intranet/Extranet SPPS</title>
<meta name="robots" content="index, follow, max-snippet:-1, max-image-preview:large, max-video-preview:-1" />
<link rel="canonical" href="https://spps.sn/intranet/agenda/" />
<meta property="og:locale" content="fr_FR" />
<meta property="og:type" content="article" />
<meta property="og:title" content="Agenda - Intranet/Extranet SPPS" />
<meta property="og:description" content="[vc_row][vc_column][vc_column_text][woffice_calendar visibility= »general » id= »1&Prime;].[/vc_column_text][/vc_column][/vc_row]" />
<meta property="og:url" content="https://spps.sn/intranet/agenda/" />
<meta property="og:site_name" content="Intranet/Extranet SPPS" />
<meta property="article:modified_time" content="2019-12-12T01:44:31+00:00" />
<meta name="twitter:card" content="summary_large_image" />
<script type="application/ld+json" class="yoast-schema-graph">{"@context":"https://schema.org","@graph":[{"@type":"WebPage","@id":"https://spps.sn/intranet/agenda/","url":"https://spps.sn/intranet/agenda/","name":"Agenda - Intranet/Extranet SPPS","isPartOf":{"@id":"https://spps.sn/intranet/#website"},"datePublished":"2015-05-22T17:41:12+00:00","dateModified":"2019-12-12T01:44:31+00:00","breadcrumb":{"@id":"https://spps.sn/intranet/agenda/#breadcrumb"},"inLanguage":"fr-FR","potentialAction":[{"@type":"ReadAction","target":["https://spps.sn/intranet/agenda/"]}]},{"@type":"BreadcrumbList","@id":"https://spps.sn/intranet/agenda/#breadcrumb","itemListElement":[{"@type":"ListItem","position":1,"name":"Accueil","item":"https://spps.sn/intranet/"},{"@type":"ListItem","position":2,"name":"Agenda"}]},{"@type":"WebSite","@id":"https://spps.sn/intranet/#website","url":"https://spps.sn/intranet/","name":"Intranet/Extranet SPPS","description":"Un espace d&#039;échanges et de collaboration pour le syndicat des pharmaciens privés du Sénégal","potentialAction":[{"@type":"SearchAction","target":{"@type":"EntryPoint","urlTemplate":"https://spps.sn/intranet/?s={search_term_string}"},"query-input":"required name=search_term_string"}],"inLanguage":"fr-FR"}]}</script>
<!-- / Yoast SEO plugin. -->

Un espace d&#039;échanges et de collaboration pour le syndicat des pharmaciens privés du Sénégal
